?
7630
Calculate the remainder when 152583 is divided by 1496.
1487
What is the remainder when 36832120 is divided by 492?
16
Calculate the remainder when 7481078 is divided by 56.
38
Calculate the remainder when 12237453 is divided by 88.
85
What is the remainder when 114188 is divided by 28103?
1776
What is the remainder when 1951899 is divided by 455?
404
Calculate the remainder when 6259300 is divided by 131.
120
Calculate the remainder when 434593 is divided by 332.
5
What is the remainder when 43214126 is divided by 712?
710
What is the remainder when 4722510 is divided by 472251?
0
Calculate the remainder when 42682 is divided by 998.
766
What is the remainder when 4622569 is divided by 92451?
19
Calculate the remainder when 197102 is divided by 17689.
2523
What is the remainder when 86263 is divided by 1108?
947
What is the remainder when 543474 is divided by 7986?
426
What is the remainder when 42304 is divided by 415?
389
What is the remainder when 82558704 is divided by 815?
19
What is the remainder when 188314 is divided by 11861?
10399
What is the remainder when 46120 is divided by 8375?
4245
What is the remainder when 21520191 is divided by 20?
11
What is the remainder when 270133 is divided by 29936?
709
What is the remainder when 62830 is divided by 19875?
3205
Calculate the remainder when 6313200 is divided by 20699.
5
Calculate the remainder when 133603 is divided by 3627.
3031
Calculate the remainder when 943551 is divided by 188708.
11
Calculate the remainder when 50332 is divided by 9579.
2437
What is the remainder when 9318438 is divided by 776?
230
What is the remainder when 9425911 is divided by 6023?
5939
What is the remainder when 863275 is divided by 287751?
22
What is the remainder when 359643 is divided by 358320?
1323
Calculate the remainder when 86474984 is divided by 28824994.
2
Calculate the remainder when 405351 is divided by 31171.
128
What is the remainder when 181701 is divided by 21682?
8245
What is the remainder when 1035901 is divided by 3204?
1009
What is the remainder when 375451 is divided by 26533?
3989
What is the remainder when 377837 is divided by 37781?
27
What is the remainder when 172747673 is divided by 594?
593
What is the remainder when 9226259 is divided by 3314?
83
Calculate the remainder when 268966 is divided by 30.
16
Calculate the remainder when 64568 is divided by 5.
3
Calculate the remainder when 832508 is divided by 3755.
2653
What is the remainder when 546385 is divided by 792?
697
Calculate the remainder when 195600 is divided by 64681.
1557
What is the remainder when 78808 is divided by 25607?
1987
Calculate the remainder when 21903067 is divided by 185619.
25
Calculate the remainder when 170287 is divided by 5865.
202
What is the remainder when 54004 is divided by 17597?
1213
Calculate the remainder when 223847 is divided by 1849.
118
Calculate the remainder when 5796421 is divided by 577.
456
Calculate the remainder when 1357179 is divided by 127.
57
Calculate the remainder when 8923076 is divided by 14.
8
What is the remainder when 1848070 is divided by 99?
37
What is the remainder when 755165 is divided by 66?
59
Calculate the remainder when 333407 is divided by 2381.
67
Calculate the remainder when 408111 is divided by 1325.
11
What is the remainder when 2725924 is divided by 1016?
1012
Calculate the remainder when 285637 is divided by 63.
58
What is the remainder when 684079 is divided by 3909?
4
What is the remainder when 222524 is divided by 54?
44
What is the remainder when 401693 is divided by 1340?
1033
Calculate the remainder when 16148334 is divided by 670.
664
What is the remainder when 62054189 is divided by 7756767?
53
What is the remainder when 12846 is divided by 1115?
581
What is the remainder when 1179 is divided by 113?
49
What is the remainder when 574184 is divided by 9259?
126
Calculate the remainder when 209681 is divided by 445.
86
What is the remainder when 9709441 is divided by 888?
49
Calculate the remainder when 29475 is divided by 1544.
139
What is the remainder when 55497 is divided by 53450?
2047
Calculate the remainder when 1847372 is divided by 5387.
5018
Calculate the remainder when 31126692 is divided by 42.
30
Calculate the remainder when 59651 is divided by 320.
131
Calculate the remainder when 23748538 is divided by 967.
952
Calculate the remainder when 50758814 is divided by 58.
56
Calculate the remainder when 14337686 is divided by 854.
734
Calculate the remainder when 1625541 is divided by 1284.
1281
What is the remainder when 1951337 is divided by 4558?
513
Calculate the remainder when 58616525 is divided by 8.
5
Calculate the remainder when 29570 is divided by 867.
92
Calculate the remainder when 232479 is divided by 4147.
247
What is the remainder when 100214 is divided by 16691?
68
Calculate the remainder when 5167795 is divided by 88.
83
What is the remainder when 63587 is divided by 6991?
668
What is the remainder when 7568630 is divided by 1892118?
158
Calculate the remainder when 13317886 is divided by 4391.
4374
Calculate the remainder when 2848854 is divided by 140.
134
Calculate the remainder when 58558094 is divided by 19.
18
Calculate the remainder when 473564 is divided by 466.
108
What is the remainder when 7364750 is divided by 203?
113
Calculate the remainder when 31840513 is divided by 10613500.
13
Calculate the remainder when 8091846 is divided by 803.
15
Calculate the remainder when 274780 is divided by 919.
918
Calculate the remainder when 283272 is divided by 140750.
1772
What is the remainder when 702093 is divided by 30525?
18
What is the remainder when 105348537 is divided by 186?
183
Calculate the remainder when 2743190 is divided by 28280.
30
Calculate the remainder when 3797370 is divided by 210958.
126
What is the remainder when 453461 is divided by 45?
41
Calculate the remainder when 15017811 is divided by 113.
111
Calculate the remainder when 9177723 is divided by 71.
50
What is the remainder when 23086268 is divided by 3059?
3054
Calculate the remainder when 1402531 is divided by 572.
559
Calculate the remainder when 36894025 is divided by 6580.
6545
What is the remainder when 87410991 is divided by 207627?
24
Calculate the remainder when 408981 is divided by 38.
25
What is the remainder when 1240390 is divided by 15700?
90
Calculate the remainder when 31150144 is divided by 44.
36
What is the remainder when 133440592 is divided by 403?
38
What is the remainder when 379511 is divided by 447?
8
What is the remainder when 7618507 is divided by 1196?
1183
What is the remainder when 11514791 is divided by 510?
11
Calculate the remainder when 187103 is divided by 93514.
75
What is the remainder when 11680458 is divided by 4260?
3798
Calculate the remainder when 182862644 is divided by 2909.
2904
Calculate the remainder when 277410 is divided by 138700.
10
Calculate the remainder when 103599 is divided by 2527.
2519
Calculate the remainder when 113646 is divided by 9457.
162
What is the remainder when 12340589 is divided by 395?
394
What is the remainder when 1626716 is divided by 1609?
17
What is the remainder when 5634245 is divided by 501?
500
Calculate the remainder when 3881879 is divided by 1054.
1051
What is the remainder when 455850 is divided by 3379?
3064
What is the remainder when 1833864 is divided by 7641?
24
What is the remainder when 283609 is divided by 15754?
37
Calculate the remainder when 23010 is divided by 5746.
26
What is the remainder when 193180 is divided by 64286?
322
Calculate the remainder when 449487 is divided by 621.
504
What is the remainder when 15097788 is divided by 7548669?
450
Calculate the remainder when 265183 is divided by 1275.
1258
What is the remainder when 17857 is divided by 986?
109
Calculate the remainder when 6106576 is divided by 49.
0
What is the remainder when 1623982 is divided by 57?
52
What is the remainder when 841199 is divided by 674?
47
Calculate the remainder when 15512 is divided by 1584.
1256
Calculate the remainder when 134286 is divided by 342.
222
Calculate the remainder when 189861 is divided by 3661.
3150
Calculate the remainder when 86239520 is divided by 86.
10
Calculate the remainder when 151006 is divided by 75449.
108
What is the remaind